(c) = 5*c**2 - 2*c. What is the units digit of t(-2)?
4
Suppose 2*c - 4*n - 6 = -2*n, 0 = 2*c - 3*n - 7. Suppose 16 + 35 = c*k - 3*q, 2*k - 4*q = 52. Let w = k + -17. What is the units digit of w?
7
Let t(y) = y**2 + 5*y - 7. Let s be t(-6). Suppose -2 = 2*f, 0 = -h - 2*h - 3*f + 3. Let p = s + h. What is the units digit of p?
1
Suppose -3*q = -6*q + 54. Suppose 2*i - q = 14. What is the tens digit of i?
1
Let r(u) = -6*u - 17*u**3 + 3*u - u**2 - 1 + u. Let m be r(-1). Suppose 3*a = 5*t - m, 2*t + t - 4*a - 8 = 0. What is the units digit of t?
4
What is the units digit of (-4)/(53/177 - (-4)/(-12))?
8
Suppose -4*l = l - 250. What is the units digit of l?
0
Let s(p) be the third derivative of -5*p**4/12 - p**3/6 + p**2. What is the units digit of s(-1)?
9
Let y(z) = -z**3 - 5*z**2 - 5*z - 4. Let d be y(-4). Suppose d = 4*p - 5*p + 24. What is the units digit of p?
4
Suppose 34*q = 33*q + 233. What is the tens digit of q?
3
Suppose 2*r = -3*r + 4*b + 882, 2*b = -6. What is the hundreds digit of r?
1
Let t(q) = -q**2 - 5*q - 3. Let a be t(-4). Let m be (4 - (-3 - -1))/a. What is the units digit of ((-15)/(-5))/(m/8)?
4
Let b(u) = 11*u**3 - 2*u**2 + 3*u - 1. What is the tens digit of b(1)?
1
Let q be 3/(-6) + (-5)/2. Let o = q + 0. What is the units digit of (-23)/o - 1/(-3)?
8
Let z be 5*9 + (5 - 3). Suppose 40 = 2*o - 4*i, 0 = -5*o - 4*i + z + 11. What is the tens digit of o?
1
Let d(q) be the first derivative of -q**3/3 + 3*q**2 + 15*q - 7. What is the units digit of d(7)?
8
Suppose 4*l + 32 = 4*q, -2*l - 13 = 4*q + 3*l. Let c = -3 + q. Suppose 3*w - 28 + 7 = c. What is the units digit of w?
7
Suppose -78 = -9*b + 6*b. What is the units digit of b?
6
Let h be (112/35)/(2/5). Let a(y) = -y**3 + 9*y**2 - 2*y - 6. What is the tens digit of a(h)?
4
Let t be -6*(-2)/12*2. Let y = 3 + t. Suppose -y*l + 53 - 18 = 0. What is the units digit of l?
7
Suppose -4 + 0 = -2*o. Suppose 2*t = 2*c - 44, -3*c + 65 = -o*t + 24. Let k = -13 - t. What is the units digit of k?
2
Suppose 52 = -4*y + 3*x, -3*y + 60 = -8*y + 5*x. Let q = y - -49. What is the units digit of q?
3
Let u(y) = 2*y**2 - 8*y - 9. What is the tens digit of u(7)?
3
Let q = 8 + -12. Let s(r) = r**3 + 8*r**2 + 6*r. Let v be s(q). Suppose -4*f = -0 - v. What is the tens digit of f?
1
Let o(q) = -q**2 + 7*q + 10. Let c(k) = -k - 4. Let s be c(-4). Suppose s = 4*a - 3 - 29. What is the units digit of o(a)?
2
Let r(p) = -2*p + 3. Let v be r(2). What is the units digit of 6 + (v - (1 - 4))?
8
Suppose 3*m - 2*m = 49. Suppose -2*v - 76 = -5*x + v, 2*x - m = -5*v. What is the tens digit of x?
1
Suppose l + 4*z = -22, 2*l - 4*l = -5*z - 8. Let p = -1 - l. What is the units digit of p?
5
Suppose 0 = 2*h - 1 - 5. Suppose -h*m = -4*s - 0*m + 9, -m - 3 = s. Let t = 1 - s. What is the units digit of t?
1
Let b = -10 - -10. What is the units digit of (-2)/((-2)/(b - -4))?
4
What is the units digit of (-8)/(-1 - 1) + 10?
4
Suppose 7*d - 3*d = -k + 123, -2*d = -2*k + 216. Suppose -4*y - 11 = -k. What is the units digit of y?
5
Let v(t) = -t - 1. Let h be v(-1). Let u be (-1 - (h + 2)) + 6. Suppose n = u*q - 53, -50 = -3*q + 4*n - 0*n. What is the units digit of q?
8
Let a = 25 + 8. What is the units digit of a?
3
Let t(n) = 12*n + 2. What is the units digit of t(7)?
6
Let m(z) = -z**2 + 24*z + 27. What is the tens digit of m(22)?
7
Let f be (-72)/(-60)*(-10)/(-3). What is the tens digit of f/20 + 312/15?
2
Suppose 0 = k - 4*g + 12, 2*k - 4*g = 6*k - 52. What is the units digit of k?
8
Let k(n) = 16 + 0*n - n - 4. Let d be k(7). Suppose -3 = -d*j + 2. What is the units digit of j?
1
Suppose 2*o + 5*q = 440, o + 2*o + 2*q = 649. What is the tens digit of o?
1
Let q be (-6 - -2)/(3/(-3)). Suppose q*z - 2*r = 2*z + 74, 2*z - 109 = -5*r. What is the units digit of 172/14 + (-12)/z?
2
Suppose -q - 1 + 6 = 0. Suppose -4*c - 3*x + 4 = 0, q*c - 3*x - 5 = -0*x. What is the units digit of 2 - (-3*c)/3?
3
Let i = 84 - 50. Suppose 0 = 4*j - 5*j + i. What is the units digit of j?
4
Suppose 0 = -3*j + a - 5, j - 5*a = -0*j - 25. Suppose -4*s + 0*s = 8, -q + 3*s + 39 = j. What is the tens digit of q?
3
Let z(l) = l**2 + l - 4. Let u(b) = b. Let c(p) = -5*u(p) - z(p). What is the tens digit of c(-4)?
1
Suppose 104 = 2*j - 4*b, 5*b = -12 + 37. What is the tens digit of j?
6
Let i be (-14)/6*-1*3. Let u be (4/12*0 + 1)*14. Let o = u - i. What is the units digit of o?
7
Suppose 19*v = 15*v + 40. Suppose 7*p - v*p = -36. What is the tens digit of p?
1
Suppose 0 = 4*n - p - 436, 4*n + 1 = -3*p + 453. What is the hundreds digit of n?
1
Let u(n) = n + 2. Let x be u(-1). Suppose -p + 4 = 3*a, 4*p + 10 = -3*a - x. Suppose 0 = -a*m + 4*h - 2*h + 18, -5*m + 4*h = -30. What is the units digit of m?
6
Let o = 17 - 6. Suppose 4*q = 2*q + 2, -z + o = 4*q. What is the units digit of z?
7
Let n(x) = -x + 1. Let v be n(0). Let i = 1 + v. Let u(j) = j**3 - 2*j**2 + 4*j - 3. What is the units digit of u(i)?
5
Let y = -182 + 428. What is the hundreds digit of y?
2
Let w(g) be the second derivative of g**5/20 - 3*g**4/4 + 5*g**3/3 - 4*g**2 + 2*g. Let u be 10/1 - (2 - 0). What is the units digit of w(u)?
8
Let a = 52 + -26. What is the tens digit of a?
2
Let m(z) = 6*z - z**2 - 3*z**2 + z - z**3 - 6 - 4*z. Let x be m(-5). Let u = 11 - x. What is the units digit of u?
7
Let j(t) = t**3 - 9*t**2 + 9*t + 4. Let f(o) = o**3 - 8*o**2 + 8. Let r be f(8). What is the units digit of j(r)?
2
Suppose 0 = -3*n - 5 - 1. Let f(o) = o**3 + 5*o**2 + 3*o. Let k be f(n). Suppose d - 4 = k. What is the units digit of d?
0
Let l(v) = v + 16. Let g be l(-11). Suppose -2*c = -5*t + 3*c + 35, -g*c - 33 = -4*t. What is the units digit of t?
2
Let g(v) = -14*v**2 + 1. Let c be g(1). Suppose 5*b - 12 = 2*d, -4*b = -5*d - b - 11. Let n = d - c. What is the tens digit of n?
1
Suppose 6*a = 3*a + 3. Let s = 3 - a. What is the units digit of s?
2
Let c(f) be the second derivative of -f**6/360 + 3*f**5/40 + f**3/6 + 4*f. Let r(l) be the second derivative of c(l). What is the tens digit of r(7)?
1
What is the tens digit of 260/14 + (-12)/(-28)?
1
Let l(u) = 7*u + 3. Let d(w) = w. Let z(i) = -6*d(i) + l(i). What is the tens digit of z(8)?
1
Suppose -2 = 2*o - 12, 2*o = -5*p + 190. What is the tens digit of p?
3
Let b(g) = 3*g**2 - 15*g - 4. What is the units digit of b(12)?
8
Let r = -36 + 15. What is the units digit of 1/(-3) + (-385)/r?
8
Suppose 0 = 17*l - 8*l - 369. What is the units digit of l?
1
Suppose -n + 2*n = 0. Suppose -3*w - 2*w = n. Suppose 5*o - 23 - 17 = w. What is the units digit of o?
8
Let m be 2*2*(-10)/(-4). Suppose 0 = -j + 3*v + 8, j + 3*v + 0*v = 8. Suppose -4*z - 5*f = -47, m = 3*z - 2*f - j. What is the units digit of z?
8
Let j be 36/21 - 6/(-21). Suppose 6 = 2*f - 0*f. Suppose x - f*x + 12 = 5*l, j*x - 18 = -2*l. What is the tens digit of x?
1
Let n(p) = -5*p - 3. Let y be n(-2). Let m = -11 + y. What is the tens digit of 87/6 + 2/m?
1
Let m(g) = -2*g**3 - 2*g**2 + 2*g - 1. Let l be m(1). Let t(r) = -r**2 - 3*r + 1. What is the units digit of t(l)?
1
Suppose 0 = -35*u + 32*u + 336. What is the units digit of u?
2
Let n(c) = -c**3 + 10*c**2 - 4*c - 1. What is the units digit of n(9)?
4
Suppose 2*a = 7*a - 5*f - 880, 172 = a + f. What is the hundreds digit of a?
1
Let k(n) = -n**2 - 3*n + 1. Let j be k(-4). Let p(q) = q**2 - q + 1. Let m(v) = -2*v**2 + 12*v + 3. Let s(x) = j*p(x) - m(x). What is the units digit of s(-7)?
8
What is the tens digit of (-6)/((6/14)/(-3))?
4
Let f(g) = -g**3 + 2*g**2 + 2*g. Let r be f(3). Let n(z) = z**2 + 5*z - 10. Let v be n(-7). Let h = v + r. What is the units digit of h?
1
Let c = 8 - -40. What is the tens digit of c?
4
Let o(m) be the first derivative of -5*m**2/2 - 1. What is the units digit of o(-1)?
5
Suppose -44 = -b - b - 2*t, -25 = 5*t. Let a = -4 + b. What is the tens digit of a?
2
Suppose -3*i + 500 = i. Suppose -5*d = -5*c + 40 - i, -2*c + 2 = d. What is the tens digit of d?
1
Let s(a) = 6*a - 1 + 4*a - a**2 + 4*a. What is the tens digit of s(13)?
1
Let a(d) = -d**2 - 17*d + 20. Let l be a(-18). Suppose -l*u + 96 = -0*u. What is the units digit of u?
8
Suppose 2*g - 66 = -0*g. What is the tens digit of g?
3
Suppose 2 = 3*y + 47. Let p = 6 + y. Let w = 17 + p. What is the units digit of w?
8
Let l(o) = -2*o**2 